ime number?
False
Is 45544945777 a composite number?
False
Is 6755011697 composite?
True
Is 14344516097 composite?
False
Is 20562191 composite?
True
Is 1728976069 a composite number?
False
Is 32793036811 a prime number?
True
Is 1453186871 composite?
False
Is 6106830547 prime?
True
Is 22962664457 a prime number?
False
Is 1700150163 composite?
True
Is 24794926061 a composite number?
False
Is 259369723 composite?
True
Is 309137122193 prime?
False
Is 219643507 composite?
True
Is 34152889 prime?
False
Is 502535639 a prime number?
False
Is 82409054159 a composite number?
True
Is 2073304841 composite?
False
Is 414036443 prime?
False
Is 8637824177 a composite number?
False
Is 333866677 a composite number?
False
Is 1888389089 composite?
False
Is 63591091 a prime number?
True
Is 21921942043 prime?
True
Is 139285309 prime?
False
Is 5177740199 a prime number?
False
Is 2966606719 a composite number?
False
Is 44040985477 prime?
True
Is 503162939 prime?
False
Is 8390268347 a composite number?
False
Is 14514451478 composite?
True
Is 20109142379 a prime number?
True
Is 20221843 a prime number?
True
Is 14411091749 prime?
True
Is 8035235101 prime?
False
Is 1717073203 a prime number?
False
Is 533500741 prime?
True
Is 2305537873 a composite number?
False
Is 291115763 a composite number?
True
Is 217684437 composite?
True
Is 790747247 a composite number?
True
Is 72646016749 prime?
True
Is 111957867271 a prime number?
True
Is 817138523 a composite number?
True
Is 330014897 prime?
False
Is 1185080719 composite?
True
Is 4581319793 a composite number?
True
Is 70447675681 prime?
True
Is 6021887359 prime?
False
Is 73652577703 a composite number?
False
Is 1011874067 composite?
True
Is 27527064577 composite?
True
Is 19255754431 prime?
True
Is 3124307023 a composite number?
False
Is 151506355421 prime?
True
Is 61677052163 a prime number?
True
Is 5366884297 composite?
True
Is 19354888013 prime?
False
Is 1275734071 composite?
False
Is 620825083 prime?
False
Is 306712867 a prime number?
False
Is 8541593 a composite number?
True
Is 6008894063 a prime number?
True
Is 3562963903 prime?
True
Is 27475715941 a prime number?
True
Is 488753021 composite?
True
Is 10250388619 prime?
False
Is 20688877403 prime?
False
Is 642788609 a composite number?
True
Is 68162583017 prime?
True
Is 1757330569 prime?
True
Is 1799276333 composite?
True
Is 24575337421 a composite number?
True
Is 4649852887 a composite number?
True
Is 2294078663 a composite number?
False
Is 73496387873 a composite number?
False
Is 1453862921 a composite number?
True
Is 1280930894 a prime number?
False
Is 117793114093 prime?
True
Is 140873073509 a prime number?
False
Is 1921477951 a composite number?
False
Is 366672541 prime?
False
Is 6272283389 a composite number?
False
Is 196978087 prime?
True
Is 26303418149 a composite number?
True
Is 34795376957 a composite number?
True
Is 374908003 a prime number?
False
Is 1043151283 a prime number?
True
Is 222372526 a composite number?
True
Is 1288544431 a composite number?
True
Is 78875539 prime?
True
Is 9230643001 a composite number?
False
Is 55919507437 composite?
False
Is 15158790137 composite?
False
Is 138899788723 a composite number?
True
Is 766689457 prime?
False
Is 2009349721 prime?
False
Is 635680651 composite?
False
Is 510929603 composite?
False
Is 2195963961 composite?
True
Is 1123560941 prime?
True
Is 4809093881 composite?
False
Is 7669872251 a prime number?
False
Is 20166098209 a composite number?
True
Is 1161659971 a composite number?
True
Is 5249924351 a prime number?
False
Is 36202096057 a prime number?
False
Is 26616413 a composite number?
True
Is 104267322007 a prime number?
False
Is 1096883 prime?
True
Is 58929570703 a composite number?
False
Is 6492712403 a prime number?
False
Is 96495423337 composite?
True
Is 726965453 composite?
False
Is 226152743 a prime number?
False
Is 6188039671 a composite number?
True
Is 5735481013 composite?
False
Is 104064760931 a composite number?
False
Is 6494908891 a composite number?
False
Is 25673603101 a composite number?
False
Is 5125742053 prime?
False
Is 448349887 a composite number?
False
Is 7559911427 a prime number?
False
Is 1103295841 a composite number?
False
Is 866892913 a composite number?
True
Is 30658662247 a composite number?
True
Is 902558549 composite?
False
Is 1392993143 a composite number?
False
Is 89985759217 a composite number?
False
Is 235304891 composite?
False
Is 2071346021 composite?
False
Is 9893022037 composite?
True
Is 380067487 prime?
False
Is 4382918677 prime?
True
Is 3359245987 a prime number?
True
Is 1294839061 prime?
True
Is 274795061 a prime number?
True
Is 697076840555 a prime number?
False
Is 182630792423 composite?
True
Is 372739001 composite?
True
Is 21906591233 composite?
False
Is 11201527669 a composite number?
True
Is 7000756637 a composite number?
True
Is 10943755061 composite?
True
Is 156596662009 composite?
True
Is 11377329549 composite?
True
Is 1239358195 composite?
True
Is 4362990123 composite?
True
Is 1939277713 composite?
False
Is 17404614163 a composite number?
False
Is 22561141703 a composite number?
False
Is 3251521873 a composite number?
False
Is 75675998527 a prime number?
True
Is 12522516683 a prime number?
False
Is 2343571031 a composite number?
True
Is 5007919933 a composite number?
True
Is 41616189229 a composite number?
True
Is 186651658463 a prime number?
False
Is 64285815949 prime?
False
Is 663207785 composite?
True
Is 2219376023 composite?
True
Is 50645345081 a prime number?
True
Is 769989587 a composite number?
False
Is 15216247837 prime?
False
Is 151839524261 a composite number?
True
Is 1703252521 prime?
False
Is 4354197061 a composite number?
False
Is 410894683 prime?
False
Is 110646013703 prime?
False
Is 43004287363 composite?
False
Is 3367762637 composite?
False
Is 2330116109 a prime number?
True
Is 1440548939 composite?
False
Is 704091639 composite?
True
Is 28118863699 a composite number?
True
Is 16139212561 a composite number?
False
Is 17283446743 a prime number?
True
Is 176542687799 prime?
True
Is 23054998537 composite?
True
Is 4609730339 composite?
True
Is 1254504029 a prime number?
True
Is 12412020163 a composite number?
False
Is 366220363 a composite number?
True
Is 10870331 composite?
True
Is 562547851 a composite number?
True
Is 20199317027 composite?
True
Is 164972903 prime?
False
Is 2001268623 a prime number?
False
Is 444136993 composite?
False
Is 5733356591 a prime number?
True
Is 767899579 prime?
True
Is 13404503009 a prime number?
False
Is 14773019249 prime?
True
Is 20828989 composite?
True
Is 1498203043 prime?
False
Is 5634792077 a prime number?
False
Is 3961404235 a prime number?
False
Is 184151604719 a prime number?
True
Is 2186929 prime?
True
Is 44600526683 a prime number?
False
Is 778890053 composite?
False
Is 16290898201 a composite number?
False
Is 17957606941 prime?
False
Is 383040485967 composite?
True
Is 4591561901 a composite number?
False
Is 245824936711 a composite number?
False
Is 803361073 a prime number?
True
Is 2085687221 a composite number?
True
Is 5535963767 a prime number?
True
Is 60274583 prime?
False
Is 290765107 composite?
True
Is 982649363 prime?
True
Is 6921774677 a composite number?
False
Is 9266094361 composite?
True
Is 80044554727 composite?
False
Is 767332591 composite?
True
Is 79325891 composite?
True
Is 255350867 prime?
True
Is 1032239249 prime?
False
Is 80804934143 composite?
True
Is 4335989831 a composite number?
True
Is 49071379 prime?
False
Is 5758801369 composite?
False
Is 18935217817 a prime number?
False
Is 4713927 a prime number?
False
Is 34997377 a composite number?
False
Is 304646631827 a prime number?
True
Is 1901029111 composite?
False
Is 1565499337 a composite number?
False
Is 444290771 a composite number?
False
Is 1389755771 prime?
False
Is 206851462 a prime number?
False
Is 464172503 a composite number?
False
Is 194450851 prime?
False
Is 731551637 a composite number?
False
Is 918121801 prime?
True
Is 91478571379 composite?
True
Is 4143759527 a prime number?
False
Is 6908236121 prime?
True
Is 2493795281 composite?
True
Is 575236177 a composite number?
True
Is 2181901513 a prime number?
False
Is 560649083 a prime number?
False
Is 4555909991 a prime number?
True
Is 5527088237 a prime number?
False
Is 3100429586